(g) be the first derivative of -g**2 + 6*g - 749. Let l = 16 + -11. Determine k(l).
-4
Suppose -5*i = -2*m + 49, -4*m + 5*i = -21 - 52. Let s(v) = -v**3 + 16*v**2 - 49*v + 17. Calculate s(m).
5
Suppose 0 = 6*p - 5*p - 9. Let z = p - 3. Let n(m) be the second derivative of m**5/20 - 7*m**4/12 + 2*m**3/3 + 2*m**2 + 12*m. Give n(z).
-8
Suppose -26 = -f + k, k + k + 29 = f. Let v = 16 - f. Let h(d) = -d**2 - 6*d + 9. Determine h(v).
2
Let l = 54 + -55. Let r be ((0 + 0)/l)/(4 - 2). Let z(m) = -m. Calculate z(r).
0
Suppose 3*i = z, 4*z = -i - i. Suppose z = -0*x - 2*x + 6. Suppose 4*a - a + x*q = -6, -a = -5*q - 16. Let b(l) = 3*l - 1. Calculate b(a).
2
Let j(l) be the first derivative of l**3/3 + 11*l**2/2 + 4*l + 32. Give j(-12).
16
Let n(w) = -w**3 - 54*w**2 - 107*w - 162. Let i be n(-52). Let o(z) = z**3 + 4*z**2 - 11*z + 4. What is o(i)?
-2
Let o = 9 + -6. Suppose 2*h + 5 = -o*h. Let m(d) = 11*d**2 - 5. Let q(g) = -g**2 + 1. Let a(y) = -m(y) - 6*q(y). What is a(h)?
-6
Let o(f) = f - 13. Let x be (37/(-148))/(1/(-20) + 0). Suppose 2*c - x*c - 8 = 4*i, -5*c - i - 2 = 0. Calculate o(c).
-13
Let v(w) = -5*w**2 + 8. Let l(n) = -2*n**2 + 1. Let p(r) = 3*l(r) - v(r). Determine p(-4).
-21
Let x(d) be the second derivative of -d**4/12 + 13*d**3/6 - d**2 + 71*d - 3. Calculate x(9).
34
Let x(j) = j**2 + 4*j. Let q be x(-2). Let l(i) = 3*i**2 + 6*i - 20. Let y(r) = -r**2 - 2*r + 7. Let f(p) = -4*l(p) - 11*y(p). Determine f(q).
-5
Let a(b) = -b + 22. Let u be a(-12). Let p = 30 - u. Let h(r) = -r**3 - 6*r**2 - 7*r - 4. Give h(p).
-8
Let f(o) = -3*o - 5. Let p(r) = -r. Let t(i) be the first derivative of 3*i**2/2 + 6. Let z(a) = 4*p(a) + t(a). Let u be z(4). Determine f(u).
7
Let z(m) be the second derivative of 35*m**4/12 + m**3/6 + 266*m. What is z(-1)?
34
Let x(j) be the first derivative of j**3/3 - 4*j**2 + 9*j + 31. Let p be (-3 + 2)/((-1)/6). Let b(k) = -k**3 + 6*k**2 + 8. Let d be b(p). Give x(d).
9
Let x be 21*(0 + (-6)/(-2)). Let z = 63 - x. Let c(d) = -d**2 - 4. What is c(z)?
-4
Let a(m) = 169*m + m**3 + 168*m - 499*m + 166*m + 4*m**2 + 4. Calculate a(-3).
1
Let h(l) = l**2 + 3*l - 2. Let j be h(1). Suppose -j*y + y = 0. Let a(z) = -z - z**3 + 2 - 3*z - 3 + 5*z. Determine a(y).
-1
Let s(b) = 3*b + 2. Let n(u) = -14*u - 7. Let y(g) = n(g) + 5*s(g). Give y(10).
13
Let h(c) = -c**3 + 4*c**2 + c - 5. Let i be (5/2)/((-4)/(-16)). Let j be 38/i + 9/45. What is h(j)?
-1
Suppose 0 = -2*a + 12 - 22. Let d(h) = h + 3. Calculate d(a).
-2
Suppose -4*g + 3*s = -82, -s + 18 = g + 1. Suppose -g*a + 15*a = -8. Let v(h) = -2*h**3 + 2*h**2 + 1. Give v(a).
-7
Let n(r) = r**3 + r**2 - r - 3. Let s be 0*(-1 - -4)*3/(-9). Determine n(s).
-3
Let v(w) = -w**3 - 5*w**2 + 7 - 7*w - 1 + 2*w**3. Let x(p) = -p**3 - 5*p**2 - 6*p - 2. Let s be x(-4). Calculate v(s).
0
Let g(f) = f**3 + 9*f**2 + 9*f + 2. Let q be ((-8)/24)/(1*1/24). Calculate g(q).
-6
Let p(z) = -2*z**3 - 3*z**2 + 3*z - 3. Let v(l) = -4*l**3 - 7*l**2 + 7*l - 8. Let o(g) = -5*p(g) + 2*v(g). What is o(-1)?
-1
Suppose z - 5 + 45 = 0. Let k = 300 + z. Let h be k/(-39) - 1/3. Let w(t) = t - 1. Give w(h).
-8
Let w be 2/(-2) - 3 - -8. Let q(y) = y**3 - 4*y**2 + y - 6. Calculate q(w).
-2
Let w(a) = -a**3 - 4*a**2 + 6*a + 7. Let k be (2 + 1)/(-6 + 27/5). What is w(k)?
2
Let v(d) be the first derivative of 13 - 1/3*d**3 + 2*d**2 - 4*d. Give v(6).
-16
Suppose 9*i - 1 = -19. Suppose -4*w + k - 4*k = -8, 3*k - 2 = -w. Let a(z) = z - z - 3 - w*z + 1. What is a(i)?
2
Let q = 1 - -3. Let n(v) = -4*v - 1. Let f(s) = -11*s - 3. Let m(y) = -3*f(y) + 8*n(y). Let a(o) = o**2 - 2*o. Let p(g) = a(g) - 3*m(g). Give p(q).
-7
Let k be (-24)/(-9)*9/6. Suppose 7 - 3 = k*t. Let v(y) = 2 + t + y + 5 - 3*y. What is v(6)?
-4
Let p(a) = a**3 - 10*a**2 - 6*a + 12. Let s(i) = -i**2 + 1. Let j(b) = p(b) - 6*s(b). Determine j(5).
1
Let f(u) = u**2 + 2*u**3 + 2 + 5*u - 5*u + 2*u**3 - 3*u**3. Calculate f(0).
2
Let g(o) = 4*o**2 - 2*o**2 + 11 + o - 2*o**3 - 6 - 7. Calculate g(1).
-1
Let f(r) be the first derivative of -4*r + 1/20*r**5 + 8 - 4*r**2 + 7/12*r**4 + 7/6*r**3. Let y(l) be the first derivative of f(l). Determine y(-6).
-14
Suppose 0 = 4*d - 2*t - 26, 5*d + 2*t - 25 = -6. Let k(a) = a - 3. Let n be k(d). Let u(o) = 5*o - 1. Calculate u(n).
9
Let x(z) be the second derivative of z**4/12 + 4*z**3/3 + 3*z**2 - 2*z - 14. What is x(-9)?
15
Suppose -o - 11 = -3*m, 4*m - 10*o + 15*o = 40. Let a(c) = -c**3 + 4*c**2 + c + 7. What is a(m)?
-13
Suppose 5*d + 4*s = -0 - 5, 23 = d - 4*s. Suppose d*j = 3 - 12. Let x(c) = c**2 + 6*c + 4. Give x(j).
-5
Let z be (2 - 0) + (-6 - 0). Let d(j) = j**3 + j**2 - 5*j + 1. Let m be d(2). Let o(a) = 2*a**2 - a**2 + 2 - a**3 - 3 + m*a - 4*a**2. What is o(z)?
3
Let j(t) be the first derivative of -t**3/3 + 3*t**2 - 3*t + 1. Suppose 3*f = 4*f - 3. Suppose -h + 4*v + 8 = 0, 0 = -f*v - 3 - 0. Determine j(h).
5
Let p(g) = -g - 2. Let o(h) be the third derivative of h**5/30 + 3*h**4/8 - 3*h**3/2 + 12*h**2. Let a be o(-5). What is p(a)?
2
Let g(s) be the second derivative of -s**5/20 + s**4/4 + s**3/3 + s**2 - 7*s. Let p = 22 - 18. What is g(p)?
-6
Let d(h) = h - 3. Let c be ((-10)/6)/((-925)/60 - -15). Suppose -j + 8 = j. Suppose c*l = 3*l + j. Give d(l).
1
Let r(v) be the first derivative of -v**4/24 - 7*v**3/6 - v**2 - 9. Let s(g) be the second derivative of r(g). What is s(-7)?
0
Let i(v) = -3*v**3 - 91*v**2 + 92*v + 142. Let f(h) = h**3 + 31*h**2 - 31*h - 47. Let u(z) = 8*f(z) + 3*i(z). Give u(-26).
-2
Suppose 4*t - 6*t = -14. Let p(n) = -4*n**2 - 3*n**2 - t*n**2 + 15*n**2. Suppose -2*z + 0 + 4 = 0. Determine p(z).
4
Let t(b) be the third derivative of -b**6/180 + b**4/6 + b**2. Let d(l) be the second derivative of t(l). Calculate d(-2).
8
Let f(h) = 8*h + 9. Let c = -609 - -607. Determine f(c).
-7
Let j(y) = y**2 + 35 - 62 + 2*y + 26 + 13*y**2 - 31*y**2. Determine j(1).
-16
Let w(u) = u**3 - 6*u**2 + 8*u + 5. Let r(y) = y**2 + 2*y + 4. Let g be r(-2). Give w(g).
5
Let u(w) = 14*w**2 - 25*w - 2. Let t(h) = -3*h**2 + 6*h + 1. Let p(v) = 9*t(v) + 2*u(v). What is p(-4)?
5
Let j(h) = h**2 + 2*h**3 - 12*h**2 + 13*h**2 + 0*h**2 - h. Give j(2).
22
Let y(z) be the first derivative of z**3/3 - 9*z**2/2 + 7*z - 117. Calculate y(6).
-11
Suppose -5*l - 4*c - 30 = -10*l, 0 = 3*c + 15. Suppose 0 = -2*u + 5*d + 21, -2*u + d + 2 + 7 = 0. Let s(v) = -4 + u - 1 - 2*v + 3. Determine s(l).
-3
Let m(i) be the first derivative of 3*i**2/2 + i + 4. Let y(p) = 2 - 1 - 3*p**3 - 12*p**2 + 2*p**3. Let z be y(-12). Determine m(z).
4
Let r(o) = -o + 9. Let q be r(7). Suppose 0 = -q*i - 2*j + 18, 3*i + 3*j = 5*j + 2. Let w be ((-3)/i)/(2/16). Let d(p) = -p**2 - 7*p - 2. Give d(w).
4
Suppose -5*t = -4*o - 4, 5*t - 4*t - 2*o + 4 = 0. Let h(n) = -4*n + 1 - 3 - 4. Let z(m) = m. Let r(c) = h(c) + 6*z(c). Determine r(t).
2
Let s(q) = 37 - 28 - 4*q - 2*q**2 + 3*q**2 - 19. Determine s(5).
-5
Let z(p) = -176*p - 179*p + 357*p - 6. What is z(-6)?
-18
Suppose 14 = 72*t - 70*t. Let r(k) = 8*k - 2 + 3*k**2 - t*k**2 + 2*k**2. Determine r(6).
-26
Let g(q) be the second derivative of q**3/6 + q**2/2 + 59*q. Calculate g(7).
8
Let p(g) be the first derivative of g**4/4 - g**3 + g**2 - 11. Let x(f) = -f**3 - 8*f**2 - 6*f + 9. Let i be x(-7). Give p(i).
0
Let v(d) = -d - 18. Let s(y) = -9. Let o(r) = 10*s(r) - 4*v(r). Calculate o(8).
14
Suppose -4*v = -3*n + 3 + 8, -5*n + 4*v = -29. Let c(z) = z**3 - 10*z**2 + 10*z. What is c(n)?
9
Suppose -3*b + 3*n + 18 - 3 = 0, -22 = -5*b + 4*n. Let u be 4 + (0 - b - -2). Let i(t) be the third derivative of t**5/60 - t**4/6 + 35*t**2 - 2. What is i(u)?
0
Let q(h) = -28*h**2 + 8. Let a(i) = -i**2. Let r(j) = 20*a(j) - q(j). Let y(n) = 9*n**2 - 7. Let u(z) = -6*r(z) + 7*y(z). What is u(1)?
14
Let b be 0/1*(-6)/(-72)*6. Suppose b*i = 4*i, 4*h + i = 20. Let y(g) = g - 7. What is y(h)?
-2
Let r(k) = 3*k**2 + 26*k - 25. Let y(n) = 5*n**2 + 51*n - 50. Let m(z) = 7*r(z) - 4*y(z). Let o be m(21). Let t(l) = 2*l + 1. Give t(o).
9
Let a(d) = 7*d**2 + 2*d - 1. Let q(t) = -3*t + 2 + 139*t**2 + 0 - 150*t**2. Let u(n) = 8*a(n) + 5*q(n). Give u(-2).
4
Suppose 8*f + 3*s - 7 = 4*f, -29 = 2*f - 5*s. Let o(r) = r**3 - r**2 - r + 1. Let p(c) = 2*c**3 - 7*c**2 - 4*c + 5. Let z(h) = 4*o(h) - p(h). Determine z(f).
-5
Let m(h) = 2*h**3 + 1. Let o be m(1